{"id":7,"date":"2018-03-02T15:54:01","date_gmt":"2018-03-02T15:54:01","guid":{"rendered":"http:\/\/www.duraziv.com\/fara-miros\/?page_id=7"},"modified":"2018-04-17T12:51:07","modified_gmt":"2018-04-17T12:51:07","slug":"home","status":"publish","type":"page","link":"https:\/\/www.duraziv.com\/fara-miros\/","title":{"rendered":"DURAZIV F\u0102R\u0102 MIROS VOPSEA ECOLABEL CU KAUCIUC"},"content":{"rendered":"<div class=\"pbs-main-wrapper\"><div style=\"text-align: right;\"><img loading=\"lazy\" decoding=\"async\" class=\"alignright wp-image-126\" style=\"margin-top: 0px;\" src=\"http:\/\/www.duraziv.com\/fara-miros\/wp-content\/uploads\/2018\/04\/icon-DFM-300x300.png\" alt=\"\" width=\"90\" height=\"90\" srcset=\"https:\/\/www.duraziv.com\/fara-miros\/wp-content\/uploads\/2018\/04\/icon-DFM-300x300.png 300w, https:\/\/www.duraziv.com\/fara-miros\/wp-content\/uploads\/2018\/04\/icon-DFM-150x150.png 150w, https:\/\/www.duraziv.com\/fara-miros\/wp-content\/uploads\/2018\/04\/icon-DFM-768x768.png 768w, https:\/\/www.duraziv.com\/fara-miros\/wp-content\/uploads\/2018\/04\/icon-DFM-100x100.png 100w, https:\/\/www.duraziv.com\/fara-miros\/wp-content\/uploads\/2018\/04\/icon-DFM.png 840w\" sizes=\"auto, (max-width: 90px) 100vw, 90px\" \/><img loading=\"lazy\" decoding=\"async\" class=\"alignright wp-image-118\" src=\"http:\/\/www.duraziv.com\/fara-miros\/wp-content\/uploads\/2018\/04\/ecolabel-265x300.png\" alt=\"\" width=\"90\" height=\"102\" srcset=\"https:\/\/www.duraziv.com\/fara-miros\/wp-content\/uploads\/2018\/04\/ecolabel-265x300.png 265w, https:\/\/www.duraziv.com\/fara-miros\/wp-content\/uploads\/2018\/04\/ecolabel.png 338w\" sizes=\"auto, (max-width: 90px) 100vw, 90px\" \/><\/div>\n<div>\n<ul>\n<li>ZERO COMPU\u0218I ORGANICI VOLATILI<\/li>\n<li>ZERO SUBSTAN\u021aE CANCERIGENE<\/li>\n<li>ZERO FORMALDEHIDE<\/li>\n<li>ZERO AMONIAC<\/li>\n<\/ul>\n<\/div>\n<p>Ideal\u0103 pentru renov\u0103ri ultra-rapide, inclusiv \u00een sezonul rece, datorit\u0103 formulei f\u0103r\u0103 miros care nu necesit\u0103 aerisirea spa\u0163iului. Se recomand\u0103 pentru spa\u0163ii locuite de copii sau persoane cu sensibilitate alergic\u0103 la nivelul c\u0103ilor respiratorii, clinici medicale, hoteluri, precum \u015fi pentru cl\u0103diri de birouri clasa A (cl\u0103diri \u201everzi\u201c).<\/p>\n<p><img loading=\"lazy\" decoding=\"async\" class=\"aligncenter wp-image-124 size-large\" src=\"http:\/\/www.duraziv.com\/fara-miros\/wp-content\/uploads\/2018\/04\/icon-DFM-calitati-1024x413.png\" alt=\"calitati si utilizare\" width=\"525\" height=\"212\" srcset=\"https:\/\/www.duraziv.com\/fara-miros\/wp-content\/uploads\/2018\/04\/icon-DFM-calitati-1024x413.png 1024w, https:\/\/www.duraziv.com\/fara-miros\/wp-content\/uploads\/2018\/04\/icon-DFM-calitati-300x121.png 300w, https:\/\/www.duraziv.com\/fara-miros\/wp-content\/uploads\/2018\/04\/icon-DFM-calitati-768x309.png 768w, https:\/\/www.duraziv.com\/fara-miros\/wp-content\/uploads\/2018\/04\/icon-DFM-calitati.png 1829w\" sizes=\"auto, (max-width: 525px) 100vw, 525px\" \/><\/p>\n<\/div>","protected":false},"excerpt":{"rendered":"<p>ZERO COMPU\u0218I ORGANICI VOLATILI ZERO SUBSTAN\u021aE CANCERIGENE ZERO FORMALDEHIDE ZERO AMONIAC Ideal\u0103 pentru renov\u0103ri ultra-rapide, inclusiv \u00een sezonul rece, datorit\u0103 formulei f\u0103r\u0103 miros care nu necesit\u0103 aerisirea spa\u0163iului. Se recomand\u0103 pentru spa\u0163ii locuite de copii sau persoane cu sensibilitate alergic\u0103 la nivelul c\u0103ilor respiratorii, clinici medicale, hoteluri, precum \u015fi pentru cl\u0103diri de birouri clasa A &hellip; <\/p>\n<p class=\"link-more\"><a href=\"https:\/\/www.duraziv.com\/fara-miros\/\" class=\"more-link\">Continue reading<span class=\"screen-reader-text\"> &#8220;DURAZIV F\u0102R\u0102 MIROS VOPSEA ECOLABEL CU KAUCIUC&#8221;<\/span><\/a><\/p>\n","protected":false},"author":1,"featured_media":108,"parent":0,"menu_order":0,"comment_status":"closed","ping_status":"closed","template":"","meta":{"footnotes":""},"class_list":["post-7","page","type-page","status-publish","has-post-thumbnail","hentry"],"_links":{"self":[{"href":"https:\/\/www.duraziv.com\/fara-miros\/wp-json\/wp\/v2\/pages\/7","targetHints":{"allow":["GET"]}}],"collection":[{"href":"https:\/\/www.duraziv.com\/fara-miros\/wp-json\/wp\/v2\/pages"}],"about":[{"href":"https:\/\/www.duraziv.com\/fara-miros\/wp-json\/wp\/v2\/types\/page"}],"author":[{"embeddable":true,"href":"https:\/\/www.duraziv.com\/fara-miros\/wp-json\/wp\/v2\/users\/1"}],"replies":[{"embeddable":true,"href":"https:\/\/www.duraziv.com\/fara-miros\/wp-json\/wp\/v2\/comments?post=7"}],"version-history":[{"count":24,"href":"https:\/\/www.duraziv.com\/fara-miros\/wp-json\/wp\/v2\/pages\/7\/revisions"}],"predecessor-version":[{"id":138,"href":"https:\/\/www.duraziv.com\/fara-miros\/wp-json\/wp\/v2\/pages\/7\/revisions\/138"}],"wp:featuredmedia":[{"embeddable":true,"href":"https:\/\/www.duraziv.com\/fara-miros\/wp-json\/wp\/v2\/media\/108"}],"wp:attachment":[{"href":"https:\/\/www.duraziv.com\/fara-miros\/wp-json\/wp\/v2\/media?parent=7"}],"curies":[{"name":"wp","href":"https:\/\/api.w.org\/{rel}","templated":true}]}}